 - 17 - 8. List the prime factors of c/(-21)*21/6.
2
Suppose -5*c = -4*q - 2270, -4*c = -c + 4*q - 1362. List the prime factors of c.
2, 227
Let z = -29 - -23. Let s be (-6)/(-1) - (-24)/z. List the prime factors of (s/(-2))/(4/(-72)).
2, 3
Suppose -w = -0*w - 5. Suppose -2*h - 2*x = h, 3*h - w*x = 21. Suppose -3*z = 5*g - 37, h*z - g - 25 = -z. List the prime factors of z.
3
Let b be (-10)/(-45) + 222/(-27). Let w(g) = -2*g**3 - 14*g**2 + 7*g - 5. What are the prime factors of w(b)?
67
Let y be (2/(-4))/((-9)/(-72)). Let k be (8 - 0) + -1 + 1. Let x = k + y. What are the prime factors of x?
2
Suppose -3*v + 88 = -2*l - 4, 0 = -5*l - 2*v - 268. Let i = -111 - l. List the prime factors of (i/5)/((-6)/30).
59
Let x = 93 + -93. Suppose -o + 2 = 0, l - 5*o - 162 - 22 = x. List the prime factors of l.
2, 97
Let r(m) = 90*m**3 - m**2 + m + 2. Let j(c) = 179*c**3 - 2*c**2 + 3*c + 4. Let x(s) = -2*j(s) + 5*r(s). List the prime factors of x(1).
2, 23
Suppose 14*x - 1908 = 10*x. What are the prime factors of x?
3, 53
What are the prime factors of (8060/(-50) + -1)/(2/(-30))?
3, 811
Suppose -3*d - 5520 = -18*d. List the prime factors of d.
2, 23
Suppose 3762 = u - 4*t, 12821 - 1496 = 3*u + t. What are the prime factors of u?
2, 3, 17, 37
Let w(k) be the third derivative of k**5/4 + k**4/8 + 11*k**3/6 - 7*k**2. List the prime factors of w(-4).
239
Let l be (3*-1)/(18/(-12)). Let q(h) = -h**3 + 4*h**2 + 6*h + 1. Let x be q(5). Let o = l + x. What are the prime factors of o?
2
Let j(o) = o**2 - 2. Let l be j(-2). Suppose 5*t = 72 - 12. Suppose t = l*b + b. What are the prime factors of b?
2
Suppose 106 = 2*y + 12. Suppose 0 = -y*i + 50*i - 171. List the prime factors of i.
3, 19
Let o be 1/(-1)*-1 + -1. Suppose -5*t - n + 115 = o, -3*t + 2*n = -67 - 2. List the prime factors of t.
23
What are the prime factors of 6*((-3244)/(-12) - -1)?
2, 11, 37
Let d = -25 + 14. Let c = d + 19. Let m(g) = -g**2 + 11*g - 2. List the prime factors of m(c).
2, 11
Let s(k) = 1. Let h(i) = -i - 3. Let q(o) = 2*h(o) + 10*s(o). List the prime factors of q(-5).
2, 7
Let d(b) = -8*b + 2. Let v be d(-6). Let w = 180 - v. What are the prime factors of w?
2, 5, 13
List the prime factors of 5/(-150)*-10 - 59060/(-12).
2, 23, 107
Suppose -r + 2*r + 5*s = 246, 0 = -3*s + 9. What are the prime factors of r?
3, 7, 11
Suppose -o - 3*d = -381, -5*o - 5 + 1910 = -3*d. Suppose -g = 3*n - 229, o = n + 4*n + g. What are the prime factors of n?
2, 19
Suppose 3*n = 2*u + u + 960, -n + 316 = -3*u. Suppose -5*v - 27 = -n. List the prime factors of v.
59
Let g(u) = -790*u**3 + u. List the prime factors of g(-1).
3, 263
Suppose 2*z + 6*z + 48 = 0. Suppose 0 = 3*w - 117 - 111. List the prime factors of 4/z - w/(-6).
2, 3
Suppose 115*b = 116*b - 5709. List the prime factors of b.
3, 11, 173
Let g = -61 - -437. What are the prime factors of g?
2, 47
Let g(w) = 2*w**3 + 6*w**2 - 2. Let i be g(-4). Let j = -4 - i. Suppose 0 = v + v - 4*z - j, -z - 55 = -3*v. What are the prime factors of v?
19
Let g = 20 + -21. Let i(o) = -18*o + 16. Let t(q) = q**2 + 1. Let y(p) = g*i(p) - t(p). List the prime factors of y(14).
3, 13
Suppose 5*w - m - 599 - 351 = 0, -3*m = -15. Suppose q = -2*t + w, -5*q = 3*t - 6*t + 280. List the prime factors of t.
5, 19
Let v be (-2)/(-4)*-1*-34. Let r = 17 - v. What are the prime factors of (r/(-1))/(-4) - -26?
2, 13
Suppose 4*r - 2880 = -6*r. Suppose 2*t - 106 - r = 0. List the prime factors of t.
197
Let y be (6 + 0/(-2))*(-30)/20. Let k(g) = -6*g**2 - 14 - 4*g**2 - g**3 + 0*g**2 - 15*g. What are the prime factors of k(y)?
2, 5
Let y = -4 + 7. Let i(r) = y*r - 3*r + 0*r + 2*r + 2. List the prime factors of i(3).
2
Let s(w) = -w**3 + 8*w**2 + 2*w + 11. Suppose 0*m - 4 = 4*m. Let t = m + 9. List the prime factors of s(t).
3
Suppose 4*y - 26 + 2 = 0. Let h be (-6)/(-9)*-3 - y. Let s = 13 + h. List the prime factors of s.
5
Let o be ((-6)/(-4))/(12/704). Let j = -35 + o. List the prime factors of j.
53
Let h(s) = -3*s + 1. Let f be h(-1). Let q(i) = 3*i + 1. Let v be q(-3). List the prime factors of (-150)/f*v/6.
2, 5
What are the prime factors of (3 - (7 - -975))/(-1)?
11, 89
Let f(b) = -225*b + 22. What are the prime factors of f(-3)?
17, 41
Let h(x) = -7*x + 7. Let r be h(-7). Let l = 60 - r. What are the prime factors of l?
2
Suppose y = -3*y - 56. Let d = -12 - y. Let z(s) = 7*s - 3. What are the prime factors of z(d)?
11
Let z(t) = -35*t**3 - 4*t**2 - 12*t - 23. List the prime factors of z(-3).
2, 461
Let p(f) = f**2 - f - 9. Let i be p(4). Suppose 22 = -4*c - 2*x, -i*c - 3 = -3*x - 0*x. What are the prime factors of 390/25 - c/10?
2
Suppose -135 + 420 = 5*n. What are the prime factors of (-14)/(-28) + n/2?
29
Let r be (211*9/3)/3. Suppose 0 = 5*c - 3*q - r, 5*q - 95 = 3*c - 228. What are the prime factors of c?
41
Let b be (2 + 100)/(-3)*(-7)/14. Suppose -b*r + 542 = 117. List the prime factors of r.
5
Let o = -1076 - -1386. List the prime factors of o.
2, 5, 31
Let c(w) = 30*w - 1 - 29*w + 56*w. What are the prime factors of c(1)?
2, 7
Let g = 695 - -65. What are the prime factors of 16/(-56) - g/(-14)?
2, 3
Let y = 5943 + -2278. List the prime factors of y.
5, 733
List the prime factors of (18/(-30))/(7/(-20755)).
3, 593
Suppose 4*c + 952 = 8*c. List the prime factors of c.
2, 7, 17
Suppose 5*r - 9462 = -r. Suppose -5*n = -r + 117. What are the prime factors of n?
2, 73
Suppose -5 = 2*c - 13. Let b(z) = z**3 - 3*z**2 - z - 4. List the prime factors of b(c).
2
Let h = 2322 + -545. List the prime factors of h.
1777
Let p(j) = j**2 - 2*j - 1. Let y(w) be the second derivative of -w**4/4 - 5*w**3/6 - w**2 - 8*w. Let k be y(-2). List the prime factors of p(k).
23
Suppose -25 = 4*v - 5*p, -2*v + 0*p + 4*p - 20 = 0. Suppose -2*f + 137 = -b, -3*b - 12 - 195 = -3*f. Suppose v = -5*s + f + 187. List the prime factors of s.
3, 17
Let g be (-2)/(-6) + (-22)/3. Let j(q) be the first derivative of q**3/3 + 5*q**2/2 + 7*q + 2. List the prime factors of j(g).
3, 7
Let o = 3391 + -1837. List the prime factors of o.
2, 3, 7, 37
Let r(y) = -17*y + 270. List the prime factors of r(-36).
2, 3, 7
Let d be (-6)/(-10) + -1 - 54/(-10). Suppose d*r - r - 240 = 0. List the prime factors of r.
2, 3, 5
Let c(q) = 461*q**2 + 6*q - 7. List the prime factors of c(1).
2, 5, 23
Suppose -4*y - 25 = -2*q + 21, -y + 11 = q. List the prime factors of (-2)/6 + 605/q.
2, 5
Let h(t) = t**2 + 6*t + 14. Let a be h(-7). Suppose 0 = -d + a + 8. What are the prime factors of d?
29
Let a = 1521 - 565. List the prime factors of a.
2, 239
Suppose 4*c = -2*j - j + 1649, 4*c = j - 571. List the prime factors of j.
3, 5, 37
Let f(h) = -h**3 - 43*h**2 - 14*h - 80. List the prime factors of f(-43).
2, 3, 29
Suppose 2*l - 2*f + 8 = 0, 3*l + 0*f - 2*f + 7 = 0. Suppose j - 5 = -l. What are the prime factors of j + (-8)/2 + 34?
2, 17
Let m(u) = u**2 - 10*u + 18. Let q be m(8). Suppose n + 90 = -q*n. List the prime factors of 36/n*(-6 + 1).
2, 3
Let u(k) = 22*k - 60. List the prime factors of u(34).
2, 43
Let q be 2 + 1 + -3 + 154. Suppose q - 413 = -g. What are the prime factors of g?
7, 37
Suppose 3*u - 446 - 1772 = 2*o, 4*u = -5*o + 2942. List the prime factors of u.
2, 3, 41
Suppose -s - 7*r + 4*r = 0, -5*s + 16 = -r. Suppose 0 = 4*u - 53 - s. What are the prime factors of u?
2, 7
Let b(f) = -5*f + 25. Suppose 0 = 5*t - 5*l + 45 + 20, -2*l = 5*t + 58. List the prime factors of b(t).
5, 17
Let g be (20/15)/(2/(-3)) - -5. List the prime factors of (3/g)/(3/141).
47
Suppose 3*y + 2*m + 2 - 3 = 0, -3*m = 3*y. Let b(c) = 93*c**3 - 4*c + 3. What are the prime factors of b(y)?
2, 23
Let g be ((-2)/2)/(-8 + 7). List the prime factors of (g + 2 + -2)*39.
3, 13
Suppose -155 = q + 18. Let r = -85 - q. List the prime factors of r.
2, 11
Suppose 44*y - 18786 = 13*y. What are the prime factors of y?
2, 3, 101
Let s = 43 - 38. Suppose 0 = s*m + 15 + 5, m - 8 = -i. What are the prime factors of i?
2, 3
What are the prime factors of (-1 + 14)*34 - (-5 + 6)?
3, 7
Suppose -8*k + 9*k = 754. Suppose 0 = -5*l - 44 + k. What are the prime factors of l?
2, 71
Let v(q) = -q**2 + 13*q - 7. Let j(b) = -b**2 + 12*b - 7. Let f(k) = 6*j(k) - 5*v(k). Let l be f(5). Suppose p + l*p = 232. What are the prime factors of p?
2, 29
Suppose -11*f + 16 = -7*f, 0 